{"id":26,"date":"2012-05-20T20:42:27","date_gmt":"2012-05-20T18:42:27","guid":{"rendered":"http:\/\/server1.nidelius.com\/?page_id=26"},"modified":"2021-05-25T20:16:58","modified_gmt":"2021-05-25T19:16:58","slug":"contact","status":"publish","type":"page","link":"http:\/\/www.nidelius.com\/?page_id=26&lang=en","title":{"rendered":"Contact"},"content":{"rendered":"<p>&nbsp;<\/p>\n<p>Contact: Barbro Nidelius<br \/>\nMobile: +46705486270<br \/>\nE-mail: <a href=\"javascript:DeCryptX('2d0a1s1c3u1p203q0i1e3h1m0i0u0s0@0g0m3d2k3o0.2e3r1n')\">b&#97;&#114;&#98;&#114;o.&#110;&#105;&#100;&#101;&#108;ius&#64;&#103;m&#97;&#105;&#108;.&#99;o&#109;<\/a><\/p>\n<table style=\"border-color: FF0000; border-width: 5px;\" border=\"0\" cellpadding=\"7\">\n<tbody>\n<tr>\n<th><strong>Visit Address<\/strong><\/th>\n<th><strong>Postmail Address<\/strong><\/th>\n<\/tr>\n<tr>\n<td>B\u00f6skestorpsv\u00e4gen 104<br \/>\n269 92 B\u00c5STAD<br \/>\nSWEDEN<\/td>\n<td>Hindb\u00e4rsv\u00e4gen 14<br \/>\n269 35 B\u00c5STAD<br \/>\nSWEDEN<\/td>\n<\/tr>\n<\/tbody>\n<\/table>\n<div>\n<iframe loading=\"lazy\" width=\"640\" height=\"480\" frameborder=\"0\" scrolling=\"no\" marginheight=\"0\" marginwidth=\"0\" src=\"https:\/\/maps.google.se\/maps?f=q&amp;source=s_q&amp;hl=en&amp;geocode=&amp;q=B%C3%B6skestorpsv%C3%A4gen+116,+B%C3%A5stad&amp;aq=0&amp;oq=B%C3%B6skestorpsv%C3%A4gen+116,+B%C3%A5stad&amp;sll=56.384707,12.818817&amp;sspn=0.008446,0.022724&amp;t=h&amp;g=B%C3%B6skestorpsv%C3%A4gen+104,+B%C3%A5stad&amp;ie=UTF8&amp;hq=&amp;hnear=B%C3%B6skestorpsv%C3%A4gen+116,+269+92+B%C3%A5stad&amp;ll=56.409343,12.828598&amp;spn=0.182348,0.439453&amp;z=11&amp;iwloc=A&amp;output=embed\"><\/iframe><br \/><small><a href=\"https:\/\/maps.google.se\/maps?f=q&amp;source=embed&amp;hl=en&amp;geocode=&amp;q=B%C3%B6skestorpsv%C3%A4gen+116,+B%C3%A5stad&amp;aq=0&amp;oq=B%C3%B6skestorpsv%C3%A4gen+116,+B%C3%A5stad&amp;sll=56.384707,12.818817&amp;sspn=0.008446,0.022724&amp;t=h&amp;g=B%C3%B6skestorpsv%C3%A4gen+104,+B%C3%A5stad&amp;ie=UTF8&amp;hq=&amp;hnear=B%C3%B6skestorpsv%C3%A4gen+116,+269+92+B%C3%A5stad&amp;ll=56.409343,12.828598&amp;spn=0.182348,0.439453&amp;z=11&amp;iwloc=A\" style=\"color:#0000FF;text-align:left\">View Larger Map<\/a><\/small>\n<\/div>\n<p><strong>Directions:<\/strong><br \/>\n<em>from the North<\/em><br \/>\nTurn off the E6 towards B\u00c5STAD. B\u00e5stad take the old \u00c4ngelholmsstrasse towards F\u00f6rsl\u00f6v. Go over the level crossing up the hills, down and underneath a transition. Turn left towards B\u00f6skestorp and the house icon. Drive about 1 km on this road, the houses are located on the right side.<br \/>\n<em>from the South<\/em><br \/>\n\u00c4ngelholm towards Torekov. At the roundabout at \u00c5kag\u00e5rdens GK go towards F\u00f6rsl\u00f6v, take the first road to the left towards B\u00e5stad, the other way to the right toward B\u00f6skestorp and house icon. Drive about 1 km on this road, the houses are located on the right side.<\/p>\n","protected":false},"excerpt":{"rendered":"<p>&nbsp; Contact: Barbro Nidelius Mobile: +46705486270 E-mail: &#98;a&#114;b&#114;&#111;&#46;n&#105;de&#108;&#105;&#117;&#115;&#64;g&#109;&#97;&#105;&#108;&#46;co&#109; Visit Address Postmail Address B\u00f6skestorpsv\u00e4gen 104 269 92 B\u00c5STAD SWEDEN Hindb\u00e4rsv\u00e4gen 14 269 35 B\u00c5STAD SWEDEN View Larger Map Directions: from the North Turn off the E6 towards B\u00c5STAD. B\u00e5stad take the old \u00c4ngelholmsstrasse towards F\u00f6rsl\u00f6v. Go over the level crossing up the hills, down and underneath a transition. Turn left towards B\u00f6skestorp and the house icon. Drive about 1 km on this road, the houses are located on the right side. from the South \u00c4ngelholm towards Torekov. At the roundabout at \u00c5kag\u00e5rdens GK go towards F\u00f6rsl\u00f6v, take the first road to the left towards B\u00e5stad, the other way to the right toward B\u00f6skestorp and house icon. Drive about 1 km on this road, the houses are located on the right side.<\/p>\n","protected":false},"author":1,"featured_media":0,"parent":0,"menu_order":0,"comment_status":"closed","ping_status":"open","template":"","meta":[],"_links":{"self":[{"href":"http:\/\/www.nidelius.com\/index.php?rest_route=\/wp\/v2\/pages\/26"}],"collection":[{"href":"http:\/\/www.nidelius.com\/index.php?rest_route=\/wp\/v2\/pages"}],"about":[{"href":"http:\/\/www.nidelius.com\/index.php?rest_route=\/wp\/v2\/types\/page"}],"author":[{"embeddable":true,"href":"http:\/\/www.nidelius.com\/index.php?rest_route=\/wp\/v2\/users\/1"}],"replies":[{"embeddable":true,"href":"http:\/\/www.nidelius.com\/index.php?rest_route=%2Fwp%2Fv2%2Fcomments&post=26"}],"version-history":[{"count":10,"href":"http:\/\/www.nidelius.com\/index.php?rest_route=\/wp\/v2\/pages\/26\/revisions"}],"predecessor-version":[{"id":329,"href":"http:\/\/www.nidelius.com\/index.php?rest_route=\/wp\/v2\/pages\/26\/revisions\/329"}],"wp:attachment":[{"href":"http:\/\/www.nidelius.com\/index.php?rest_route=%2Fwp%2Fv2%2Fmedia&parent=26"}],"curies":[{"name":"wp","href":"https:\/\/api.w.org\/{rel}","templated":true}]}}