{"id":134,"date":"2012-12-01T22:47:09","date_gmt":"2012-12-01T20:47:09","guid":{"rendered":"http:\/\/server1.nidelius.com\/?page_id=134"},"modified":"2023-01-29T21:41:50","modified_gmt":"2023-01-29T20:41:50","slug":"galleri","status":"publish","type":"page","link":"http:\/\/www.nidelius.com\/?page_id=134&lang=da","title":{"rendered":"Galleri"},"content":{"rendered":"<p>Mer bilder strax: s\u00e5 l\u00e4nge bes\u00f6k den <a title=\"Bilder\" href=\"http:\/\/www.boskestorp.se\/?page_id=47&amp;lang=sv\">Svenske bild sidan<\/a><\/p>\n\n\t\t<style type=\"text\/css\">\n\t\t\t#gallery-1 {\n\t\t\t\tmargin: auto;\n\t\t\t}\n\t\t\t#gallery-1 .gallery-item {\n\t\t\t\tfloat: left;\n\t\t\t\tmargin-top: 10px;\n\t\t\t\ttext-align: center;\n\t\t\t\twidth: 25%;\n\t\t\t}\n\t\t\t#gallery-1 img {\n\t\t\t\tborder: 2px solid #cfcfcf;\n\t\t\t}\n\t\t\t#gallery-1 .gallery-caption {\n\t\t\t\tmargin-left: 0;\n\t\t\t}\n\t\t\t\/* see gallery_shortcode() in wp-includes\/media.php *\/\n\t\t<\/style>\n\t\t<div id='gallery-1' class='gallery galleryid-134 gallery-columns-4 gallery-size-thumbnail'><dl class='gallery-item'>\n\t\t\t<dt class='gallery-icon landscape'>\n\t\t\t\t<a href='http:\/\/www.nidelius.com\/wp-content\/uploads\/2012\/11\/boskestorp_stuga_4_vinter.jpg'><img width=\"150\" height=\"150\" src=\"http:\/\/www.nidelius.com\/wp-content\/uploads\/2012\/11\/boskestorp_stuga_4_vinter-150x150.jpg\" class=\"attachment-thumbnail size-thumbnail colorbox-134 \" alt=\"Hytte 4 om vintern\" decoding=\"async\" loading=\"lazy\" aria-describedby=\"gallery-1-173\" \/><\/a>\n\t\t\t<\/dt>\n\t\t\t\t<dd class='wp-caption-text gallery-caption' id='gallery-1-173'>\n\t\t\t\tHytte 4 om vintern\n\t\t\t\t<\/dd><\/dl><dl class='gallery-item'>\n\t\t\t<dt class='gallery-icon landscape'>\n\t\t\t\t<a href='http:\/\/www.nidelius.com\/wp-content\/uploads\/2012\/11\/utsikt_boskestorp.jpg'><img width=\"150\" height=\"150\" src=\"http:\/\/www.nidelius.com\/wp-content\/uploads\/2012\/11\/utsikt_boskestorp-150x150.jpg\" class=\"attachment-thumbnail size-thumbnail colorbox-134 \" alt=\"\" decoding=\"async\" loading=\"lazy\" aria-describedby=\"gallery-1-189\" \/><\/a>\n\t\t\t<\/dt>\n\t\t\t\t<dd class='wp-caption-text gallery-caption' id='gallery-1-189'>\n\t\t\t\tUdsigt fra hytterne B\u00f6skestorp\n\t\t\t\t<\/dd><\/dl><dl class='gallery-item'>\n\t\t\t<dt class='gallery-icon landscape'>\n\t\t\t\t<a href='http:\/\/www.nidelius.com\/wp-content\/uploads\/2012\/11\/boskestorp_kok_matplats_baddsoffa.jpg'><img width=\"150\" height=\"150\" src=\"http:\/\/www.nidelius.com\/wp-content\/uploads\/2012\/11\/boskestorp_kok_matplats_baddsoffa-150x150.jpg\" class=\"attachment-thumbnail size-thumbnail colorbox-134 \" alt=\"Hytten, k\u00f8kken, spisebord og sovesofa\" decoding=\"async\" loading=\"lazy\" aria-describedby=\"gallery-1-160\" \/><\/a>\n\t\t\t<\/dt>\n\t\t\t\t<dd class='wp-caption-text gallery-caption' id='gallery-1-160'>\n\t\t\t\tHytten, k\u00f8kken, spisebord og sovesofa\n\t\t\t\t<\/dd><\/dl>\n\t\t\t<br style='clear: both' \/>\n\t\t<\/div>\n\n","protected":false},"excerpt":{"rendered":"<p>Mer bilder strax: s\u00e5 l\u00e4nge bes\u00f6k den Svenske bild sidan<\/p>\n","protected":false},"author":1,"featured_media":0,"parent":0,"menu_order":0,"comment_status":"closed","ping_status":"open","template":"","meta":[],"_links":{"self":[{"href":"http:\/\/www.nidelius.com\/index.php?rest_route=\/wp\/v2\/pages\/134"}],"collection":[{"href":"http:\/\/www.nidelius.com\/index.php?rest_route=\/wp\/v2\/pages"}],"about":[{"href":"http:\/\/www.nidelius.com\/index.php?rest_route=\/wp\/v2\/types\/page"}],"author":[{"embeddable":true,"href":"http:\/\/www.nidelius.com\/index.php?rest_route=\/wp\/v2\/users\/1"}],"replies":[{"embeddable":true,"href":"http:\/\/www.nidelius.com\/index.php?rest_route=%2Fwp%2Fv2%2Fcomments&post=134"}],"version-history":[{"count":4,"href":"http:\/\/www.nidelius.com\/index.php?rest_route=\/wp\/v2\/pages\/134\/revisions"}],"predecessor-version":[{"id":363,"href":"http:\/\/www.nidelius.com\/index.php?rest_route=\/wp\/v2\/pages\/134\/revisions\/363"}],"wp:attachment":[{"href":"http:\/\/www.nidelius.com\/index.php?rest_route=%2Fwp%2Fv2%2Fmedia&parent=134"}],"curies":[{"name":"wp","href":"https:\/\/api.w.org\/{rel}","templated":true}]}}